025)/(-20) composite?
False
Let o(d) = -52*d - 64. Let h be o(-15). Let f = h - -3795. Is f a prime number?
False
Suppose -5*p + 4073 = 3*o, -5*p - 5456 + 2 = -4*o. Let t = o + 8226. Is t prime?
True
Let h(l) = -l**3 - l + 3041. Let p be 0*1/2 - 0/(-59). Is h(p) a prime number?
True
Suppose 24*c + 4*w + 523500 = 28*c, -4*c = -w - 523494. Is c prime?
True
Let y(q) = 426*q**3 + 2*q + 1. Let s be y(-1). Let f = -884 - 16. Let u = s - f. Is u a composite number?
True
Is -3*(38830833/(-1701) - -2*2/(-42)) composite?
True
Let c = -71 - -75. Suppose -3374 = -g - c*p - 0*p, 0 = -5*p - 15. Is g composite?
True
Let s = -135 + 145. Suppose -d + 13 = s, -d - 8471 = -2*i. Is i composite?
True
Suppose -2*l = -3*q + 82, -4*q + 42 = -3*l - 69. Is (-525795)/(-180) + (-2)/q a composite number?
True
Suppose 398*n - 70 = 384*n. Is n/(-1 + 6) + 741*10 prime?
True
Suppose -7*f - 18 = -16*f. Suppose -4*t = -o + 3325, -3*o + f*t + 8241 + 1754 = 0. Suppose 3*l = 6*l - o. Is l a prime number?
False
Suppose 48357 = -7*o + 16*o. Let f = 2394 + o. Is (70/(-21))/((-6)/f) a prime number?
False
Suppose 5*m = g + 30618, 2*m - 12237 = -4*g + g. Suppose -5*w = m + 1177. Let u = 5 - w. Is u a prime number?
False
Let m = 737 - 737. Suppose m*k + k - 26913 = -p, -3*k = -5*p - 80739. Is k a composite number?
True
Let n(s) = 10*s**2 - 44*s - 585. Is n(49) a prime number?
True
Suppose -6*w - 91 + 43 = 0. Let l(g) = 38*g**2 - 34*g - 3. Is l(w) composite?
True
Is (-8973880)/(-3) - (-13 - 1080/(-81)) prime?
True
Is (-21)/15*-29615 + -18 a composite number?
False
Suppose -3*f + 24822 = a, -f + 3*f + 4*a = 16558. Suppose b = -g + f, 3*g - 5*b = 42139 - 17352. Is g a prime number?
True
Let c(r) = 102*r - 2*r**2 - 59 - 102*r - r**3 + 21*r**2. Is c(13) composite?
True
Let a(q) = 44729*q**2 + 242*q - 482. Is a(2) a composite number?
True
Suppose 20*j = 12*j + 616744. Is j prime?
True
Let o(x) = -x**2 + 3*x + 11. Let i(f) be the second derivative of -f**3/3 - 11*f**2/2 + 16*f. Let w(s) = -3*i(s) - 2*o(s). Is w(10) a composite number?
False
Let c = -207 + 295. Let z(b) = 21 - 7 - c*b - 5. Is z(-11) a prime number?
True
Let i(c) = 4425*c**2 - 1504*c - 8. Is i(5) a prime number?
False
Suppose -5*v - z - 3*z = -226, z - 229 = -5*v. Let g(r) = -28*r - 25. Let t be g(11). Let n = v - t. Is n composite?
False
Let s(q) = -q**2 + 24*q - 3. Let l be s(24). Let y(n) = -17*n - 55*n - 1 - 26*n. Is y(l) prime?
True
Let s(d) = 62*d**2 + 10*d + 3. Let j be s(9). Suppose 0 = 4*t - j - 4189. Is t prime?
False
Suppose 22*l = 19*l + 30. Suppose 0 = -l*f + 3*f + 27769. Is f composite?
False
Suppose r + 5*r = -13*r + 3421843. Is r a prime number?
True
Let w = 6 - -18. Let i be w/18 + (-2012)/(-3). Suppose -3*z + 510 = 3*n, 0*n - i = -4*n - 2*z. Is n composite?
True
Let g(s) = 11*s**3 - s**2 + 1. Let r be g(-1). Let d be -3 - -4 - 3 - r. Is (-15)/5 + 1 + d a prime number?
True
Let h = -198975 - -349244. Is h a prime number?
False
Let k(g) be the second derivative of g**5/20 - g**4/4 - g**3/2 + 5381*g**2/2 + 20*g - 2. Is k(0) a composite number?
False
Let k(n) = 10395*n + 3371. Is k(12) prime?
True
Let p(a) = -3*a**3 - 54*a**2 - 104*a + 37. Is p(-40) a composite number?
True
Suppose 127*l - 10499 = 116*l + 26384. Is l a composite number?
True
Suppose 3*p - 10*y - 384285 = -7*y, -3*p - 5*y + 384317 = 0. Is p a composite number?
False
Let m = 271 - 2525. Let z = -1579 - m. Let w = z + -376. Is w prime?
False
Suppose -251*p - 21399 = -252*p - 5*q, -5*p + 106855 = -3*q. Is p a composite number?
True
Is (5222356/(-36) - 5/(45/2))*-3 a composite number?
True
Let q be (-5)/25 + (-4)/(-20) + 0. Suppose -15*f + 10*f - 3*v + 8888 = q, -f - v + 1778 = 0. Is f composite?
False
Suppose 371428 = 3*t + f, 3*t = 4*f + 601846 - 230393. Is t composite?
True
Suppose 5*x - 24 - 306 = 0. Suppose -x*f = -69*f + 38679. Is f a prime number?
True
Suppose f - 20 = -4*q, f - 4*q + 13 = -7. Suppose f*y + 2374 = 2*y. Let o = y - 666. Is o a composite number?
False
Let m(b) = 9*b**3 - 6*b**2 + 5*b - 7. Let y(f) be the first derivative of f**4/2 - 4*f**3/3 + 3*f**2 - 8*f - 21. Let l be y(2). Is m(l) prime?
False
Let p(m) = -m**2 - 2*m + 5. Let r be p(0). Suppose f - 614 - 36719 = -2*d, -r*f + 186677 = 4*d. Is f a prime number?
True
Let a(g) = 8963*g**2 - 25*g - 131. Is a(-5) a prime number?
True
Suppose 141153 = 3*c + 3*a, 18*a - 188204 = -4*c + 19*a. Is c prime?
True
Suppose -8 = -4*p + 6*p. Is (3 - (2 + -1))*(-3314)/p prime?
True
Let o = 148 - 142. Let q(p) = 19*p**2 - 2*p + 1. Is q(o) prime?
True
Suppose 0 = 2*m - 2*y + 66, 0*y = 4*m + 2*y + 132. Let u = 36 + m. Suppose -u*c - c = -5*p - 978, 0 = -c + 4*p + 239. Is c a composite number?
True
Is 42190 - (8/(-10) + (-5 - 28/(-10))) a composite number?
False
Suppose -2121*a = -2074*a - 6371273. Is a composite?
False
Let z(r) = 3*r + 20. Let f be z(-6). Let u be ((-90)/(-12) + -6)/(f/4). Is 12/u + (1 - -2441) prime?
False
Suppose -8*r + 19115 + 24605 = 0. Let w = r + -3298. Is w prime?
False
Suppose -b - b - 3*v = -239, -5*b - 3*v = -575. Let z(n) = -n**3 - 10*n**2 - 10*n - 3. Let p be z(-9). Suppose b = j - p. Is j a prime number?
False
Suppose 0 = -1420*n + 1469*n - 6945897. Is n a prime number?
False
Suppose 118*c + 20482 = 99*c. Let g = c + 2901. Is g a composite number?
False
Let l(s) = 3*s - 34. Let w(y) = -y. Let x(f) = -l(f) - 6*w(f). Let u be x(7). Let q = 106 - u. Is q a composite number?
True
Let z be ((-1 - 561) + 1)*(8 + -9). Let q be -553 + 1 - 2/(-1). Let c = z - q. Is c composite?
True
Is -284989*(159 + -156)*(1 + -1 - 1) a composite number?
True
Let v = 36 + -28. Let h(f) = 2*f**3 + 7*f**2 + 6*f + 6. Let o be h(v). Let z = -855 + o. Is z a prime number?
False
Let t = -33885 - -144808. Suppose -4*n = -3*f + t, -f + 32108 + 4865 = -n. Is f a composite number?
True
Suppose s - 4580 = 4*o - 116656, 0 = s. Is o a composite number?
False
Suppose 0 = 40*d - 46*d + 174. Suppose 18*r - d*r = -98989. Is r prime?
True
Let w(v) = -106*v - 102. Let u(n) = 318*n + 305. Let o(k) = -3*u(k) - 8*w(k). Is o(-26) composite?
False
Let g(m) = 101*m**2 - m - 10. Let w be g(7). Suppose w = 2*v - 802. Let r = v - -152. Is r prime?
True
Suppose -5*m + 18 = 2*f - 3*f, 0 = -5*m - f + 22. Suppose m*o = 254 + 170. Suppose -o = -q + 145. Is q a prime number?
True
Suppose 3*q = -3*q - 120. Let v = -17 - q. Is (v/5)/((-10)/(-2950)) a composite number?
True
Let z = 154880 - 72776. Suppose 0 = 18*v - 42*v + z. Is v a composite number?
True
Let z(u) = 598*u**2 + 164*u - 7. Is z(12) a composite number?
True
Suppose 0*v - v = 1, -q - 3*v = 3. Suppose q = -6*u + 35*u - 267815. Is u a composite number?
True
Suppose -64*q - 27*q - 7*q = -83050394. Is q a composite number?
False
Is 9/15 + (-3 - (-19534884)/60) a prime number?
False
Let k(x) be the first derivative of 14*x**2 - 3*x - 22. Let l(o) = 113*o - 11. Let u(j) = 9*k(j) - 2*l(j). Is u(8) composite?
True
Suppose -77*t - 11*t = -36*t - 28322684. Is t a prime number?
True
Let a(s) = -s**2 + 28*s - 59. Let h be a(25). Suppose j + h*j - 10795 = 0. Is j composite?
True
Let c = -106764 + 300413. Is c composite?
False
Suppose 2*k + 3*k = 3*y + 5, 26 = 4*k + 2*y. Suppose -36202 - 3267 = -k*u - 3*i, 3*u = 3*i + 29628. Is u a composite number?
False
Suppose -3*v - 2*v - o = -81460, 5*v - 5*o - 81490 = 0. Is 6/(-8) - v*(-3)/36 composite?
True
Suppose -2458343 - 10999331 = -110*f - 2223044. Is f composite?
True
Let w be ((-9)/(-9))/1 + -9 + 4. Let t be 18/4 + (-1)/(-2). Is t/10*w/6*-669 composite?
False
Suppose 11*n = -p + 37613, 0 = -3*p - p - n + 150452. Is p composite?
True
Is (-14)/(7/(-97377)*(-12)/(-2)) a composite number?
True
Let p(a) = -13*a - 9. Let d be p(15). Let r = -859 - -300. Let u = d - r. Is u composite?
True
Let v = 49691 + 24696. Is v a prime number?
False
Suppose -6*d + 4*d = 5*c - 33509, 20105 = 3*c + d. Suppose c = -13*z + 252804. Is z a composite number?
True
Let x = -320766 - -485485. Is x a prime number?
False
Suppose -5*f + 211859 = 4*a, a + 127774 = 3*f + 662. Is f a prime number?
False
Let r(n) = n**3 - 17*n**2 - 6*n + 46. Let y be r(22). Suppose -y + 6164 = 2*t. Is t a prime number?
False
Let a(f) be the third derivative of f**5/60 + 3*f**4/8 + 4*f**3/3 - 2*f**2. Let i be a(-8). Suppose i = 9*u - 7*u - 1502. Is u composite?
False
Let t(z) = -23